{"id":179,"date":"2024-03-12T23:02:19","date_gmt":"2024-03-12T22:02:19","guid":{"rendered":"https:\/\/manivelle-et-turbo.com\/?page_id=179"},"modified":"2026-01-16T12:24:11","modified_gmt":"2026-01-16T11:24:11","slug":"contact","status":"publish","type":"page","link":"https:\/\/manivelle-et-turbo.com\/?page_id=179","title":{"rendered":"Contact"},"content":{"rendered":"\t\t<div data-elementor-type=\"wp-page\" data-elementor-id=\"179\" class=\"elementor elementor-179\">\n\t\t\t\t<div class=\"elementor-element elementor-element-11b308d e-flex e-con-boxed e-con e-parent\" data-id=\"11b308d\" data-element_type=\"container\">\n\t\t\t\t\t<div class=\"e-con-inner\">\n\t\t\t\t<div class=\"elementor-element elementor-element-5c326fb elementor-widget elementor-widget-image\" data-id=\"5c326fb\" data-element_type=\"widget\" data-widget_type=\"image.default\">\n\t\t\t\t<div class=\"elementor-widget-container\">\n\t\t\t\t\t\t\t\t\t\t\t\t\t\t\t<img decoding=\"async\" src=\"https:\/\/manivelle-et-turbo.com\/wp-content\/uploads\/elementor\/thumbs\/cropped-Manivelle-et-Turbo-Logo-officiel-2024-e1711290753747-qloqvampmqeev4fvrdt7hg23cvcxvcdebgt31wf5z4.png\" title=\"Manivelle et Turbo\" alt=\"Manivelle et Turbo\" loading=\"lazy\" \/>\t\t\t\t\t\t\t\t\t\t\t\t\t\t\t<\/div>\n\t\t\t\t<\/div>\n\t\t\t\t<div class=\"elementor-element elementor-element-2d2a0e4 elementor-widget elementor-widget-text-editor\" data-id=\"2d2a0e4\" data-element_type=\"widget\" data-widget_type=\"text-editor.default\">\n\t\t\t\t<div class=\"elementor-widget-container\">\n\t\t\t\t\t\t\t\t\t<h3><span style=\"color: #000000;\">Pour devenir adh\u00e9rent \u00e0 notre Club, \u00e9crivez-nous !<\/span><\/h3><h3>\u00a0<\/h3><h3><span style=\"color: #000000;\">Pour toute autre demande, vous pouvez utiliser ce formulaire :<\/span><\/h3>\t\t\t\t\t\t\t\t<\/div>\n\t\t\t\t<\/div>\n\t\t\t\t\t<\/div>\n\t\t\t\t<\/div>\n\t\t<div class=\"elementor-element elementor-element-8c82612 e-flex e-con-boxed e-con e-parent\" data-id=\"8c82612\" data-element_type=\"container\">\n\t\t\t\t\t<div class=\"e-con-inner\">\n\t\t\t\t<div class=\"elementor-element elementor-element-15e313a elementor-widget elementor-widget-shortcode\" data-id=\"15e313a\" data-element_type=\"widget\" data-widget_type=\"shortcode.default\">\n\t\t\t\t<div class=\"elementor-widget-container\">\n\t\t\t\t\t\t\t<div class=\"elementor-shortcode\">\n<div class=\"wpcf7 no-js\" id=\"wpcf7-f77-o1\" lang=\"fr-FR\" dir=\"ltr\" data-wpcf7-id=\"77\">\n<div class=\"screen-reader-response\"><p role=\"status\" aria-live=\"polite\" aria-atomic=\"true\"><\/p> <ul><\/ul><\/div>\n<form action=\"\/index.php?rest_route=%2Fwp%2Fv2%2Fpages%2F179#wpcf7-f77-o1\" method=\"post\" class=\"wpcf7-form init\" aria-label=\"Formulaire de contact\" novalidate=\"novalidate\" data-status=\"init\">\n<div style=\"display: none;\">\n<input type=\"hidden\" name=\"_wpcf7\" value=\"77\" \/>\n<input type=\"hidden\" name=\"_wpcf7_version\" value=\"6.0.6\" \/>\n<input type=\"hidden\" name=\"_wpcf7_locale\" value=\"fr_FR\" \/>\n<input type=\"hidden\" name=\"_wpcf7_unit_tag\" value=\"wpcf7-f77-o1\" \/>\n<input type=\"hidden\" name=\"_wpcf7_container_post\" value=\"0\" \/>\n<input type=\"hidden\" name=\"_wpcf7_posted_data_hash\" value=\"\" \/>\n<\/div>\n<p><label> Votre nom<br \/>\n<span class=\"wpcf7-form-control-wrap\" data-name=\"your-name\"><input size=\"40\" maxlength=\"400\" class=\"wpcf7-form-control wpcf7-text wpcf7-validates-as-required\" autocomplete=\"name\" aria-required=\"true\" aria-invalid=\"false\" value=\"\" type=\"text\" name=\"your-name\" \/><\/span> <\/label>\n<\/p>\n<p><label> Votre adresse email<br \/>\n<span class=\"wpcf7-form-control-wrap\" data-name=\"your-email\"><input size=\"40\" maxlength=\"400\" class=\"wpcf7-form-control wpcf7-email wpcf7-validates-as-required wpcf7-text wpcf7-validates-as-email\" autocomplete=\"email\" aria-required=\"true\" aria-invalid=\"false\" value=\"\" type=\"email\" name=\"your-email\" \/><\/span> <\/label>\n<\/p>\n<p><label> Sujet<br \/>\n<span class=\"wpcf7-form-control-wrap\" data-name=\"your-subject\"><input size=\"40\" maxlength=\"400\" class=\"wpcf7-form-control wpcf7-text wpcf7-validates-as-required\" aria-required=\"true\" aria-invalid=\"false\" value=\"\" type=\"text\" name=\"your-subject\" \/><\/span> <\/label>\n<\/p>\n<p><label> Votre message (optional)<br \/>\n<span class=\"wpcf7-form-control-wrap\" data-name=\"your-message\"><textarea cols=\"40\" rows=\"5\" maxlength=\"2000\" class=\"wpcf7-form-control wpcf7-textarea\" aria-invalid=\"false\" name=\"your-message\"><\/textarea><\/span> <\/label>\n<\/p>\n<p><input class=\"wpcf7-form-control wpcf7-submit has-spinner\" type=\"submit\" value=\"Envoyer\" \/>\n<\/p><div class=\"wpcf7-response-output\" aria-hidden=\"true\"><\/div>\n<\/form>\n<\/div>\n<\/div>\n\t\t\t\t\t\t<\/div>\n\t\t\t\t<\/div>\n\t\t\t\t\t<\/div>\n\t\t\t\t<\/div>\n\t\t<div class=\"elementor-element elementor-element-84b5455 e-flex e-con-boxed e-con e-parent\" data-id=\"84b5455\" data-element_type=\"container\">\n\t\t\t\t\t<div class=\"e-con-inner\">\n\t\t\t\t\t<\/div>\n\t\t\t\t<\/div>\n\t\t\t\t<\/div>\n\t\t","protected":false},"excerpt":{"rendered":"<p>Pour devenir adh\u00e9rent \u00e0 notre Club, \u00e9crivez-nous ! \u00a0 Pour toute autre demande, vous pouvez utiliser ce formulaire :<\/p>\n","protected":false},"author":1,"featured_media":0,"parent":0,"menu_order":0,"comment_status":"closed","ping_status":"closed","template":"","meta":{"footnotes":""},"class_list":["post-179","page","type-page","status-publish","hentry"],"yoast_head":"<!-- This site is optimized with the Yoast SEO plugin v24.9 - https:\/\/yoast.com\/wordpress\/plugins\/seo\/ -->\n<title>Contact - Manivelle et Turbo<\/title>\n<meta name=\"robots\" content=\"index, follow, max-snippet:-1, max-image-preview:large, max-video-preview:-1\" \/>\n<link rel=\"canonical\" href=\"https:\/\/manivelle-et-turbo.com\/?page_id=179\" \/>\n<meta property=\"og:locale\" content=\"fr_FR\" \/>\n<meta property=\"og:type\" content=\"article\" \/>\n<meta property=\"og:title\" content=\"Contact - Manivelle et Turbo\" \/>\n<meta property=\"og:description\" content=\"Pour devenir adh\u00e9rent \u00e0 notre Club, \u00e9crivez-nous ! \u00a0 Pour toute autre demande, vous pouvez utiliser ce formulaire :\" \/>\n<meta property=\"og:url\" content=\"https:\/\/manivelle-et-turbo.com\/?page_id=179\" \/>\n<meta property=\"og:site_name\" content=\"Manivelle et Turbo\" \/>\n<meta property=\"article:modified_time\" content=\"2026-01-16T11:24:11+00:00\" \/>\n<meta property=\"og:image\" content=\"https:\/\/manivelle-et-turbo.com\/wp-content\/uploads\/elementor\/thumbs\/cropped-Manivelle-et-Turbo-Logo-officiel-2024-e1711290753747-qloqvampmqeev4fvrdt7hg23cvcxvcdebgt31wf5z4.png\" \/>\n<meta name=\"twitter:card\" content=\"summary_large_image\" \/>\n<meta name=\"twitter:label1\" content=\"Dur\u00e9e de lecture estim\u00e9e\" \/>\n\t<meta name=\"twitter:data1\" content=\"1 minute\" \/>\n<script type=\"application\/ld+json\" class=\"yoast-schema-graph\">{\"@context\":\"https:\/\/schema.org\",\"@graph\":[{\"@type\":\"WebPage\",\"@id\":\"https:\/\/manivelle-et-turbo.com\/?page_id=179\",\"url\":\"https:\/\/manivelle-et-turbo.com\/?page_id=179\",\"name\":\"Contact - Manivelle et Turbo\",\"isPartOf\":{\"@id\":\"https:\/\/manivelle-et-turbo.com\/#website\"},\"primaryImageOfPage\":{\"@id\":\"https:\/\/manivelle-et-turbo.com\/?page_id=179#primaryimage\"},\"image\":{\"@id\":\"https:\/\/manivelle-et-turbo.com\/?page_id=179#primaryimage\"},\"thumbnailUrl\":\"https:\/\/manivelle-et-turbo.com\/wp-content\/uploads\/elementor\/thumbs\/cropped-Manivelle-et-Turbo-Logo-officiel-2024-e1711290753747-qloqvampmqeev4fvrdt7hg23cvcxvcdebgt31wf5z4.png\",\"datePublished\":\"2024-03-12T22:02:19+00:00\",\"dateModified\":\"2026-01-16T11:24:11+00:00\",\"breadcrumb\":{\"@id\":\"https:\/\/manivelle-et-turbo.com\/?page_id=179#breadcrumb\"},\"inLanguage\":\"fr-FR\",\"potentialAction\":[{\"@type\":\"ReadAction\",\"target\":[\"https:\/\/manivelle-et-turbo.com\/?page_id=179\"]}]},{\"@type\":\"ImageObject\",\"inLanguage\":\"fr-FR\",\"@id\":\"https:\/\/manivelle-et-turbo.com\/?page_id=179#primaryimage\",\"url\":\"https:\/\/manivelle-et-turbo.com\/wp-content\/uploads\/elementor\/thumbs\/cropped-Manivelle-et-Turbo-Logo-officiel-2024-e1711290753747-qloqvampmqeev4fvrdt7hg23cvcxvcdebgt31wf5z4.png\",\"contentUrl\":\"https:\/\/manivelle-et-turbo.com\/wp-content\/uploads\/elementor\/thumbs\/cropped-Manivelle-et-Turbo-Logo-officiel-2024-e1711290753747-qloqvampmqeev4fvrdt7hg23cvcxvcdebgt31wf5z4.png\"},{\"@type\":\"BreadcrumbList\",\"@id\":\"https:\/\/manivelle-et-turbo.com\/?page_id=179#breadcrumb\",\"itemListElement\":[{\"@type\":\"ListItem\",\"position\":1,\"name\":\"Accueil\",\"item\":\"https:\/\/manivelle-et-turbo.com\/\"},{\"@type\":\"ListItem\",\"position\":2,\"name\":\"Contact\"}]},{\"@type\":\"WebSite\",\"@id\":\"https:\/\/manivelle-et-turbo.com\/#website\",\"url\":\"https:\/\/manivelle-et-turbo.com\/\",\"name\":\"Manivelle et Turbo\",\"description\":\"L&#039;\u00c9chapp\u00e9e Vintage\",\"publisher\":{\"@id\":\"https:\/\/manivelle-et-turbo.com\/#organization\"},\"potentialAction\":[{\"@type\":\"SearchAction\",\"target\":{\"@type\":\"EntryPoint\",\"urlTemplate\":\"https:\/\/manivelle-et-turbo.com\/?s={search_term_string}\"},\"query-input\":{\"@type\":\"PropertyValueSpecification\",\"valueRequired\":true,\"valueName\":\"search_term_string\"}}],\"inLanguage\":\"fr-FR\"},{\"@type\":\"Organization\",\"@id\":\"https:\/\/manivelle-et-turbo.com\/#organization\",\"name\":\"Manivelle et Turbo\",\"url\":\"https:\/\/manivelle-et-turbo.com\/\",\"logo\":{\"@type\":\"ImageObject\",\"inLanguage\":\"fr-FR\",\"@id\":\"https:\/\/manivelle-et-turbo.com\/#\/schema\/logo\/image\/\",\"url\":\"https:\/\/manivelle-et-turbo.com\/wp-content\/uploads\/2024\/03\/Manivelle-et-Turbo-OK4-2.png\",\"contentUrl\":\"https:\/\/manivelle-et-turbo.com\/wp-content\/uploads\/2024\/03\/Manivelle-et-Turbo-OK4-2.png\",\"width\":1000,\"height\":1000,\"caption\":\"Manivelle et Turbo\"},\"image\":{\"@id\":\"https:\/\/manivelle-et-turbo.com\/#\/schema\/logo\/image\/\"}}]}<\/script>\n<!-- \/ Yoast SEO plugin. -->","yoast_head_json":{"title":"Contact - Manivelle et Turbo","robots":{"index":"index","follow":"follow","max-snippet":"max-snippet:-1","max-image-preview":"max-image-preview:large","max-video-preview":"max-video-preview:-1"},"canonical":"https:\/\/manivelle-et-turbo.com\/?page_id=179","og_locale":"fr_FR","og_type":"article","og_title":"Contact - Manivelle et Turbo","og_description":"Pour devenir adh\u00e9rent \u00e0 notre Club, \u00e9crivez-nous ! \u00a0 Pour toute autre demande, vous pouvez utiliser ce formulaire :","og_url":"https:\/\/manivelle-et-turbo.com\/?page_id=179","og_site_name":"Manivelle et Turbo","article_modified_time":"2026-01-16T11:24:11+00:00","og_image":[{"url":"https:\/\/manivelle-et-turbo.com\/wp-content\/uploads\/elementor\/thumbs\/cropped-Manivelle-et-Turbo-Logo-officiel-2024-e1711290753747-qloqvampmqeev4fvrdt7hg23cvcxvcdebgt31wf5z4.png","type":"","width":"","height":""}],"twitter_card":"summary_large_image","twitter_misc":{"Dur\u00e9e de lecture estim\u00e9e":"1 minute"},"schema":{"@context":"https:\/\/schema.org","@graph":[{"@type":"WebPage","@id":"https:\/\/manivelle-et-turbo.com\/?page_id=179","url":"https:\/\/manivelle-et-turbo.com\/?page_id=179","name":"Contact - Manivelle et Turbo","isPartOf":{"@id":"https:\/\/manivelle-et-turbo.com\/#website"},"primaryImageOfPage":{"@id":"https:\/\/manivelle-et-turbo.com\/?page_id=179#primaryimage"},"image":{"@id":"https:\/\/manivelle-et-turbo.com\/?page_id=179#primaryimage"},"thumbnailUrl":"https:\/\/manivelle-et-turbo.com\/wp-content\/uploads\/elementor\/thumbs\/cropped-Manivelle-et-Turbo-Logo-officiel-2024-e1711290753747-qloqvampmqeev4fvrdt7hg23cvcxvcdebgt31wf5z4.png","datePublished":"2024-03-12T22:02:19+00:00","dateModified":"2026-01-16T11:24:11+00:00","breadcrumb":{"@id":"https:\/\/manivelle-et-turbo.com\/?page_id=179#breadcrumb"},"inLanguage":"fr-FR","potentialAction":[{"@type":"ReadAction","target":["https:\/\/manivelle-et-turbo.com\/?page_id=179"]}]},{"@type":"ImageObject","inLanguage":"fr-FR","@id":"https:\/\/manivelle-et-turbo.com\/?page_id=179#primaryimage","url":"https:\/\/manivelle-et-turbo.com\/wp-content\/uploads\/elementor\/thumbs\/cropped-Manivelle-et-Turbo-Logo-officiel-2024-e1711290753747-qloqvampmqeev4fvrdt7hg23cvcxvcdebgt31wf5z4.png","contentUrl":"https:\/\/manivelle-et-turbo.com\/wp-content\/uploads\/elementor\/thumbs\/cropped-Manivelle-et-Turbo-Logo-officiel-2024-e1711290753747-qloqvampmqeev4fvrdt7hg23cvcxvcdebgt31wf5z4.png"},{"@type":"BreadcrumbList","@id":"https:\/\/manivelle-et-turbo.com\/?page_id=179#breadcrumb","itemListElement":[{"@type":"ListItem","position":1,"name":"Accueil","item":"https:\/\/manivelle-et-turbo.com\/"},{"@type":"ListItem","position":2,"name":"Contact"}]},{"@type":"WebSite","@id":"https:\/\/manivelle-et-turbo.com\/#website","url":"https:\/\/manivelle-et-turbo.com\/","name":"Manivelle et Turbo","description":"L&#039;\u00c9chapp\u00e9e Vintage","publisher":{"@id":"https:\/\/manivelle-et-turbo.com\/#organization"},"potentialAction":[{"@type":"SearchAction","target":{"@type":"EntryPoint","urlTemplate":"https:\/\/manivelle-et-turbo.com\/?s={search_term_string}"},"query-input":{"@type":"PropertyValueSpecification","valueRequired":true,"valueName":"search_term_string"}}],"inLanguage":"fr-FR"},{"@type":"Organization","@id":"https:\/\/manivelle-et-turbo.com\/#organization","name":"Manivelle et Turbo","url":"https:\/\/manivelle-et-turbo.com\/","logo":{"@type":"ImageObject","inLanguage":"fr-FR","@id":"https:\/\/manivelle-et-turbo.com\/#\/schema\/logo\/image\/","url":"https:\/\/manivelle-et-turbo.com\/wp-content\/uploads\/2024\/03\/Manivelle-et-Turbo-OK4-2.png","contentUrl":"https:\/\/manivelle-et-turbo.com\/wp-content\/uploads\/2024\/03\/Manivelle-et-Turbo-OK4-2.png","width":1000,"height":1000,"caption":"Manivelle et Turbo"},"image":{"@id":"https:\/\/manivelle-et-turbo.com\/#\/schema\/logo\/image\/"}}]}},"_links":{"self":[{"href":"https:\/\/manivelle-et-turbo.com\/index.php?rest_route=\/wp\/v2\/pages\/179","targetHints":{"allow":["GET"]}}],"collection":[{"href":"https:\/\/manivelle-et-turbo.com\/index.php?rest_route=\/wp\/v2\/pages"}],"about":[{"href":"https:\/\/manivelle-et-turbo.com\/index.php?rest_route=\/wp\/v2\/types\/page"}],"author":[{"embeddable":true,"href":"https:\/\/manivelle-et-turbo.com\/index.php?rest_route=\/wp\/v2\/users\/1"}],"replies":[{"embeddable":true,"href":"https:\/\/manivelle-et-turbo.com\/index.php?rest_route=%2Fwp%2Fv2%2Fcomments&post=179"}],"version-history":[{"count":41,"href":"https:\/\/manivelle-et-turbo.com\/index.php?rest_route=\/wp\/v2\/pages\/179\/revisions"}],"predecessor-version":[{"id":705,"href":"https:\/\/manivelle-et-turbo.com\/index.php?rest_route=\/wp\/v2\/pages\/179\/revisions\/705"}],"wp:attachment":[{"href":"https:\/\/manivelle-et-turbo.com\/index.php?rest_route=%2Fwp%2Fv2%2Fmedia&parent=179"}],"curies":[{"name":"wp","href":"https:\/\/api.w.org\/{rel}","templated":true}]}}